and 6?
6
Let u(j) be the third derivative of j**5/20 - j**4/24 + 5*j**2 - 2*j. Let n be u(-4). Let b = n + -29. What is the highest common divisor of 92 and b?
23
Let j = -15557 + 15704. What is the greatest common divisor of j and 267?
3
Let u = 153 - 385. Let y = 244 + u. What is the highest common divisor of 24 and y?
12
Let h = -48 + 55. Let v = h - -3. Let u = v + 34. Calculate the greatest common factor of u and 4.
4
Let a be (-10580)/(-30) + (1/4)/(12/(-32)). What is the greatest common divisor of a and 22?
22
Let h = -16 + 24. Let l(j) = -1935 - 6*j + 3*j + j**3 + 6*j**2 + 1919. Let i be l(-3). What is the greatest common factor of h and i?
4
Let r = 34 - 26. Suppose -r*a = -3*a + 50. Let q be -2*-3*(-5)/a. What is the highest common divisor of q and 15?
3
Suppose 0 = 5*r, r - 6*r = -5*l - 5. Let h be ((-40)/30)/(l/(-9)). Let m be (-1 + 5)/h*-60. What is the highest common factor of m and 4?
4
Let p(l) be the first derivative of 1/3*l**3 + 7*l**2 - 33*l + 14. Let h be p(-17). Calculate the greatest common divisor of h and 9.
9
Let s be 7*2/(-21)*4785/(-10). Calculate the highest common divisor of s and 99.
11
Suppose 0 = 2*h - 4*g - 134, -2*g - 7 = -15. What is the greatest common divisor of 25 and h?
25
Suppose 1 + 32 = 11*x. Let f be -6 - (2 + (-6)/x). Let a be (-6)/(-4) - f*86/8. Calculate the highest common factor of a and 6.
6
Suppose -100 - 134 = -2*c - t, -3*c = -4*t - 373. Let n = -18 - -35. What is the greatest common factor of n and c?
17
Let f = -267 + 347. Suppose 990 = -f*t + 81*t. Calculate the highest common factor of t and 66.
66
Let o = -7781 - -8031. What is the greatest common factor of 110 and o?
10
Let t = 2093 - 2071. Calculate the greatest common divisor of t and 1793.
11
Suppose s + 10 = -3*j + 7*j, 0 = -5*s - 3*j + 42. Suppose 2 = 2*a - q, -2*q + 4 = 3*a - s. Suppose a*r = 13 - 3. What is the highest common factor of 45 and r?
5
Let n(p) = 3*p + 17. Let r be n(-5). Suppose 3*f - 2*h = r*f + 20, -2*f - 3*h + 19 = 0. Calculate the greatest common divisor of 154 and f.
14
Suppose -162*a + 11762 = 263*a - 3538. Let q(r) = -223*r - 6. Let p be q(-6). Calculate the greatest common factor of p and a.
36
Let w(k) = k**3 - 2*k**2 - 14*k + 9. Let r be w(5). Let q = -6 - -7. Suppose 3*g = 3*n + 33 - 204, g + q = 0. What is the greatest common divisor of r and n?
14
Let p(s) = s - 4. Suppose -k = c - 6, -2*c + 4 + 2 = -k. Let n be p(c). Suppose -4*o + 67 + 61 = n. Calculate the greatest common divisor of o and 48.
16
Let h(r) = -r**3 - 12*r**2 + 11. Let n be h(-12). Let o = n - 23. Let s be o/16 - (-189)/12. What is the highest common factor of s and 75?
15
Let o be -4 + (-11)/((-253)/477020). What is the greatest common divisor of 162 and o?
162
Suppose -10*w = -2*w + 5*w - 195. What is the highest common divisor of w and 2085?
15
Let b(g) = -g**2 + 17*g - 26. Let m(q) = -q - 17. Let i be m(-25). Let l be b(i). What is the highest common factor of l and 368?
46
Suppose -3*z = -z - 170. Suppose -w + p + 55 = 0, 5*w - 2*p - 307 = -5*p. Let d = z - w. Calculate the greatest common divisor of d and 234.
26
Suppose -27*s + 2513 = -1618. Suppose 8*f = 3*f + 40. Let t(q) = q**2 - 6*q + 1. Let u be t(f). What is the greatest common divisor of s and u?
17
Let i(w) = 17*w + 74. Let s(k) = 3*k**2 + 45*k - 34. Let q be s(-16). Let m be i(q). What is the highest common divisor of m and 78?
78
Let t(d) = 9*d**2 + 4*d + 2. Let q be t(-2). Suppose -10442 = -32*z + 12598. Calculate the highest common factor of q and z.
30
Let i = -337 + 386. Let q be -2 - (-15)/(-2)*20/(-15). Let c(r) = r**3 - 8*r**2 + 7*r - 7. Let w be c(q). Calculate the greatest common factor of i and w.
49
Let z(v) = 3*v**2 - 36*v + 100. Let k be z(20). What is the greatest common factor of k and 220?
20
Suppose -35985 = 151*t - 45*t - 250211. Calculate the greatest common divisor of t and 86.
43
Let p be 5/(-15) + (-14)/(-6). Suppose 0 = 12*w - 13*w + 5. Suppose -k - w*k + 36 = 0. What is the greatest common divisor of p and k?
2
Let y be 4/1*((-15)/5)/6. Let t be y/4*(10 + -10) + 18. Suppose -t = 2*v - 22. What is the greatest common factor of 14 and v?
2
Suppose k + 39 = 14*k. Suppose 3*j + 5*i = 2648 - 462, k*i - 2922 = -4*j. Suppose 10*q = -82 + j. Calculate the greatest common divisor of 13 and q.
13
Let c be ((-369)/(-1 - 8))/(8/464). What is the highest common divisor of 290 and c?
58
Let a = 20 - 19. Let i = -6 - -11. Suppose 0*b - 1 = 4*w + b, -b = i*w. Calculate the greatest common divisor of a and w.
1
Let k = 8806 + -8267. What is the greatest common divisor of k and 253?
11
Suppose 28*r - 109*r - 432 + 1404 = 0. What is the greatest common factor of 1110 and r?
6
Suppose -3*f = 36 - 108. Calculate the highest common divisor of f and 96.
24
Suppose 3*d + 1 = 4, 3*w - 117 = -3*d. Let n = w - 44. Let m be 2 + n/(-4)*6. Calculate the highest common divisor of 11 and m.
11
Let w be ((-12)/2)/(-3) + 49. Suppose -238 = i - 272. What is the greatest common divisor of i and w?
17
Suppose 45 = -5*t - 5*j, -3*t + 4 = -5*j + 39. Let r = -4 - t. Let v(i) = 2*i**2 - 5*i - 2. Let y be v(r). What is the highest common divisor of y and 60?
20
Let i be (-2)/((-10)/125*5). Let m(b) = -17*b**3 + 3*b + 5. Let y be m(-2). Let l = -80 + y. What is the highest common divisor of i and l?
5
Let a(h) = h**2 + 10*h + 12. Let l be a(-9). Suppose n - n = l*n. Suppose n*q = q - 16. What is the highest common divisor of 112 and q?
16
Let m = -838 - -874. Let i be 416/7 - (-48)/84. Suppose 8*f = 3*f + i. Calculate the greatest common divisor of m and f.
12
Let g(i) = 14*i**2 + 17*i + 4. Let v be g(9). Let k = -840 + v. What is the greatest common factor of k and 41?
41
Suppose 2*v + 3 = 5*v. Let j be -72*56/224 - (-92)/4. Calculate the greatest common divisor of v and j.
1
Suppose -595 = -6*a - 637. Let x(o) be the third derivative of o**5/30 + o**4/8 + 7*o**3/6 + o**2. Let g be x(a). What is the highest common factor of 21 and g?
21
Suppose 0 = -11*s - 80*s + 75166. Calculate the highest common divisor of 35 and s.
7
Let z be ((-3)/3)/(4 - (-208)/(-48)). Let y(w) = -w**3 - 3*w**2 + w. Let g be y(-4). What is the highest common divisor of g and z?
3
Suppose 91*h = 92*h + 9. Let k = 87 + h. What is the highest common factor of 52 and k?
26
Let n be (-1918)/(-6)*33258/1687. What is the greatest common divisor of 46 and n?
46
Let y = 3 + 45. Let h(u) = 4*u + 5. Let o be h(-2). Let j(b) = -b**3 - 3*b**2 - 5*b - 3. Let q be j(o). Calculate the highest common factor of y and q.
12
Let b(w) = -62*w**3 + w**2 - 23*w - 24. Let t be b(-1). What is the highest common factor of 1984 and t?
62
Let k = 11781 + -831. Calculate the highest common factor of k and 150.
150
Let g = -1488 - -1796. What is the highest common factor of g and 7546?
154
Let h = 25 - -15. Suppose o = -k + 1238, -5*k + 6278*o = 6275*o - 6206. What is the highest common factor of k and h?
40
Suppose 158*g - 218*g + 600 = 0. Let l be (-12)/(-36) - (-3658)/6. Calculate the greatest common divisor of l and g.
10
Let w = -16121 + 16185. Calculate the highest common divisor of w and 15424.
64
Suppose -3*v = -3*r - 6, -5*r + 40 = 3*v + 2*v. Suppose -4*g = 0, 1080 = v*x - 26*g + 29*g. What is the highest common divisor of 189 and x?
27
Suppose 8*q - 956 = 2284. Suppose 0 = x - 4*m - m - 60, 3*x + 2*m = 129. Calculate the greatest common factor of q and x.
45
Let y = -1992 + 2009. Calculate the greatest common factor of y and 1513.
17
Let v be (((-17068)/12)/((-2)/6))/1. Let f be v/187 - (-4)/22. What is the highest common divisor of f and 2?
1
Suppose 0 = 4*f - 343 - 265. Let o = -148 + f. Calculate the greatest common divisor of 76 and o.
4
Let z(c) be the third derivative of c**6/60 + c**5/4 + c**4/24 + c**3 + 59*c**2. Let l be z(-7). What is the highest common divisor of l and 18?
6
Let b(k) = 183*k**2 - 50*k - 7. Let i be b(-2). Calculate the highest common divisor of i and 1155.
165
Let n(h) = -562*h**3 - 42*h**2 - 42*h + 2. Let l be n(-1). What is the highest common factor of l and 9447?
141
Let v(p) = p**2 + 35*p + 319. Let h be v(-16). Calculate the highest common factor of 645 and h.
15
Let y be (1 - 43 - -1)/((-1)/20). Suppose 4*i + y = 4*j, 5*i - 397 = -5*j + 618. Suppose q - j = -5*q. Calculate the highest common diviso